e number?
False
Is 1000847 composite?
False
Is 29638597 a prime number?
True
Is 421523 a prime number?
False
Is 1203067 composite?
False
Is 405537799 composite?
True
Is 2685799 a composite number?
True
Is 606631 a composite number?
True
Is 691109 a prime number?
True
Is 27040415 prime?
False
Is 5973311 prime?
True
Is 218115929 composite?
False
Is 1922561 composite?
False
Is 79357627 composite?
False
Is 199156969 a composite number?
True
Is 337569917 a prime number?
True
Is 377817038 a composite number?
True
Is 3438469 a composite number?
False
Is 46168279 a prime number?
False
Is 1571047 composite?
True
Is 66111709 a prime number?
True
Is 1118599 composite?
False
Is 125784973 a prime number?
True
Is 2965691 prime?
False
Is 24365681 a prime number?
True
Is 2850761 a composite number?
False
Is 151528253 a composite number?
False
Is 551093 a prime number?
True
Is 17157271 a prime number?
False
Is 120729073 composite?
False
Is 48515277 a composite number?
True
Is 67771219 a composite number?
True
Is 34156489 composite?
True
Is 3204373 composite?
False
Is 18559133 composite?
False
Is 1875677 prime?
True
Is 193801 a composite number?
True
Is 302314522 composite?
True
Is 25887962 a composite number?
True
Is 613579631 a composite number?
True
Is 10786082 a composite number?
True
Is 51816229 a composite number?
False
Is 9780731 a composite number?
False
Is 6690169 a prime number?
True
Is 29690641 a prime number?
False
Is 1361 composite?
False
Is 7477765 prime?
False
Is 7154249 a prime number?
False
Is 55763 composite?
False
Is 7562939 prime?
False
Is 50815621 a composite number?
True
Is 36507997 composite?
True
Is 79793531 prime?
True
Is 1365811 composite?
False
Is 24532823 composite?
True
Is 9746249 a prime number?
False
Is 2635639 composite?
True
Is 210439939 a prime number?
False
Is 12931313 a prime number?
False
Is 135016751 composite?
False
Is 386017 a prime number?
True
Is 46326329 a composite number?
True
Is 522817529 a composite number?
True
Is 3285467 a composite number?
False
Is 4741547 composite?
False
Is 189877 a prime number?
True
Is 144549247 a prime number?
True
Is 36109159 prime?
True
Is 3901819 a composite number?
False
Is 66012053 a prime number?
False
Is 2731417 a prime number?
False
Is 64159621 a prime number?
False
Is 49036867 prime?
False
Is 4550137 prime?
True
Is 322542661 composite?
True
Is 247211 a composite number?
True
Is 36638681 a prime number?
True
Is 15292819 prime?
True
Is 1679149 composite?
True
Is 4915247 a composite number?
True
Is 22678013 composite?
False
Is 16365113 a composite number?
False
Is 535727 a composite number?
False
Is 6719891 prime?
False
Is 3296053 a composite number?
True
Is 354253693 prime?
True
Is 1582571 prime?
False
Is 21732161 composite?
True
Is 152651743 a composite number?
False
Is 1834193 a prime number?
True
Is 52717479 a composite number?
True
Is 1677443 a composite number?
False
Is 7415413 a composite number?
True
Is 35936839 prime?
True
Is 127402969 a prime number?
False
Is 2297417 composite?
True
Is 3287359 a prime number?
True
Is 67280657 a composite number?
False
Is 1970797 composite?
True
Is 7157341 composite?
False
Is 7655147 a prime number?
False
Is 125371067 composite?
False
Is 227692469 prime?
False
Is 7280909 composite?
True
Is 60353 a prime number?
True
Is 693149 composite?
False
Is 332694485 composite?
True
Is 4660589 a composite number?
False
Is 5940271 composite?
False
Is 126397 composite?
False
Is 1058523239 a prime number?
False
Is 159509543 a composite number?
True
Is 15455537 a prime number?
True
Is 20804093 a prime number?
False
Is 158756393 prime?
True
Is 1596941 a composite number?
False
Is 560561 composite?
False
Is 21633727 a prime number?
False
Is 519626 a composite number?
True
Is 265188037 a composite number?
False
Is 8928239 prime?
True
Is 4308773 prime?
False
Is 190941473 prime?
False
Is 8529145 a prime number?
False
Is 22223618 a composite number?
True
Is 247001135 prime?
False
Is 771115027 composite?
False
Is 3290029 composite?
False
Is 289348271 prime?
True
Is 4066763 a composite number?
True
Is 19238641 composite?
False
Is 39255485 composite?
True
Is 52246351 prime?
False
Is 361651957 a prime number?
True
Is 18498493 prime?
False
Is 40433881 a prime number?
False
Is 4872187 a composite number?
False
Is 472907 prime?
True
Is 240089 composite?
False
Is 485278 prime?
False
Is 61134097 a composite number?
False
Is 42836429 prime?
True
Is 17761034 composite?
True
Is 581855 a prime number?
False
Is 25640497 prime?
False
Is 9546857 composite?
False
Is 20950837 composite?
False
Is 25112877 a composite number?
True
Is 5072269 a composite number?
False
Is 5252477 a composite number?
False
Is 78764437 a composite number?
False
Is 267403589 a prime number?
False
Is 4459891 a prime number?
True
Is 687593 a composite number?
False
Is 69988943 prime?
True
Is 1941911 prime?
False
Is 28172669 composite?
True
Is 22302187 prime?
False
Is 62644951 prime?
False
Is 201269417 a composite number?
False
Is 1081669 prime?
False
Is 15124939 prime?
True
Is 41406889 prime?
True
Is 13226861 a composite number?
False
Is 10158593 a composite number?
False
Is 24991019 composite?
False
Is 16099667 a prime number?
True
Is 7727633 prime?
True
Is 235263349 prime?
True
Is 139395341 a composite number?
True
Is 11666227 a composite number?
False
Is 53896147 composite?
True
Is 1575227 a composite number?
False
Is 10269299 a composite number?
False
Is 36885389 composite?
False
Is 754093 composite?
False
Is 29195 composite?
True
Is 126122162 a composite number?
True
Is 49621769 composite?
False
Is 7046705 composite?
True
Is 10614661 a prime number?
False
Is 39587473 prime?
True
Is 512711 a prime number?
True
Is 330586901 composite?
False
Is 77929 a prime number?
True
Is 3496474 composite?
True
Is 19324421 a prime number?
True
Is 129836827 prime?
False
Is 652307 a prime number?
False
Is 26021803 prime?
False
Is 639697943 composite?
True
Is 30901967 a composite number?
False
Is 979751 prime?
False
Is 84284989 a composite number?
False
Is 6570049 prime?
True
Is 97861759 composite?
False
Is 2713493 composite?
False
Is 10635929 composite?
True
Is 14391557 a composite number?
True
Is 2351515799 a composite number?
False
Is 519321523 a composite number?
True
Is 3739381 a composite number?
False
Is 2762161 a composite number?
True
Is 1550861 a prime number?
False
Is 35530501 prime?
False
Is 28861894 a composite number?
True
Is 82757 a composite number?
False
Is 453391 composite?
True
Is 4770773 a composite number?
True
Is 807458 a composite number?
True
Is 266001733 a composite number?
False
Is 2968393 composite?
True
Is 30323837 prime?
True
Is 92641157 composite?
True
Is 7940215 prime?
False
Is 26072689 a composite number?
False
Is 10192901 a prime number?
False
Is 148839619 a prime number?
True
Is 620323 a prime number?
False
Is 1189151 composite?
False
Is 4604083 a prime number?
False
Is 164418029 a composite number?
False
Is 107289263 composite?
True
Is 69498589 composite?
True
Is 555969 a prime number?
False
Is 2368823 a composite number?
True
Is 3203131 composite?
True
Is 2841589 prime?
True
Is 494465 prime?
False
Is 87248417 composite?
False
Is 241827217 prime?
False
Is 62851 composite?
False
Is 62754383 a composite number?
True
Is 6493667 composite?
False
Is 1532003 composite?
True
Is 30990147 a prime number?
False
Is 82593283 a prime number?
True
Is 61187803 prime?
False
Is 2921101 composite?
True
Is 10323977 composite?
True
Is 11984603 a composite number?
True
Is 61122367 a composite number?
False
Is 7051481 prime?
False
Is 141296963 composite?
False
Is 47122501 a prime number?
True
Is 9370927 a prime number?
False
Is 84522371 a composite number?
False
Is 7192987 a composite number?
True
Is 17903638 prime?
False
Is 6492953 a composite number?
False
Is 94897549 a composite number?
False
Is 101884493 a prime number?
False
Is 7205687 a composite number?
False
Is 12067471 composite?
True
Is 520159 composite?
True
Is 6619829 a prime number?
True
Is 566102307 composite?
True
Is 4030277 composite?
False
Is 45861509 a composite number?
False
Is 19110719 a composite number?
False
Is 183613642 composite?
True
Is 333723331 prime?
True
Is 166928141 prime?
False
Is 1098239 a prime number?
False
Is 40798321 